. List the prime factors of o.
2, 3
Let h = 5 - 7. List the prime factors of h/(-6) + 51/9.
2, 3
Suppose -2*b = -3*p - 3*b - 14, -p + 4*b + 4 = 0. What are the prime factors of (p/5)/(10/(-225))?
2, 3
Suppose 11 = -a + 161. List the prime factors of 9/36 - a/(-8).
19
Let p(x) = -18*x - 1. List the prime factors of p(-2).
5, 7
Let u = -4 + 0. Let y be (-3 + -3)*(-2)/u. List the prime factors of -2 + 0/y + 10.
2
Let v(n) = -77 - 3*n**3 - n + n**2 + 77. What are the prime factors of v(-2)?
2, 3, 5
Let a = 17 + -1. Let j be (14/8 - 1)*4. Suppose j*c - a = -c. What are the prime factors of c?
2
Let x = 128 - -5. List the prime factors of x.
7, 19
Let t(d) = 76*d - 9. What are the prime factors of t(1)?
67
Let r(a) = a**2 - 6*a - 15. List the prime factors of r(-10).
5, 29
Let z = 1 + 1. Suppose l + 3*x - 4 = 0, z*x + 32 + 13 = -5*l. What are the prime factors of 1 - (0 + 0 + l)?
2, 3
Let k(r) = 18*r - 2. Let y be k(1). Let x = 42 - y. List the prime factors of x.
2, 13
Let y(d) be the second derivative of d**3/6 + d**2 - 2*d. Let v be y(0). Suppose -v*c = -c - 14. What are the prime factors of c?
2, 7
Let d = 4 - 2. Suppose -3*n + 21 - 58 = 2*y, -d*n - 46 = -4*y. List the prime factors of 12 + (-5)/(n/(-6)).
2, 5
Let m = -5 - -4. List the prime factors of m*(-2)/4*8.
2
Suppose -3*u = 4*s - 56, -1 = 3*s + 4*u - 36. Let p = s - 25. Let a(d) = -d**2 - 8*d + 3. What are the prime factors of a(p)?
3
Let p be (1 - 17)/(4 + -6). Suppose -8 = -k - 3*k. Let r = p + k. List the prime factors of r.
2, 5
Let f(o) = 11*o + 1. Let h(l) = -10*l - 2. Let k(y) = -3*f(y) - 4*h(y). List the prime factors of k(4).
3, 11
Suppose -8 = -3*x - 2*k, x + 2*k = 2*x. Suppose 4*i + 5 = -5*h - 26, x*h - i + 2 = 0. Let l = 13 + h. What are the prime factors of l?
2, 5
Suppose 0 = 2*n - 5*n + 21. Let y(a) = 4*a - 10. List the prime factors of y(n).
2, 3
Suppose 5*b - 2*n = 16, 3*b - 3*n = 5 + 1. Suppose 0 = -3*h + 4*o + 10, o + 15 = 5*h + b. Suppose h*f - 1 = 9. What are the prime factors of f?
5
Let l be ((-4)/(-2))/((-2)/4). Let m be (2/(l/(-2)))/1. Let o = m - -12. What are the prime factors of o?
13
Let w = 14 + 0. What are the prime factors of w?
2, 7
Suppose 2*z - 2 = -0. Let t = -68 - z. What are the prime factors of t/(-6) - (-1)/2?
2, 3
Suppose 26 = 2*m - 0*m. Let r = m - 7. Let z = 4 + r. What are the prime factors of z?
2, 5
Let g(u) = -u + 1. Let m be g(-3). Let t be m/((-1)/2*-2). What are the prime factors of (14/t)/((-1)/(-2))?
7
Let g = 22 + -12. Suppose -3*v + g = -v. What are the prime factors of (v + (3 - 1))/1?
7
Let l(h) = -h. Let o be l(-11). What are the prime factors of o*(-3)/6*-2?
11
Let h(l) = -l**3 + 5*l**2 - 3*l - 4. Let p = 1 - -2. Let m be h(p). Suppose -1 = -2*q + m. What are the prime factors of q?
3
Suppose -89 = -5*d - 4. What are the prime factors of d?
17
Let k(w) = -w**3 + 7*w**2 - w + 3. Let u be k(7). Let c(t) = -6*t + t + 3*t - t. What are the prime factors of c(u)?
2, 3
Let w(y) be the third derivative of y**5/60 + y**4/4 + y**3 - 3*y**2. Let g be w(-6). Let r = 16 - g. List the prime factors of r.
2, 5
Suppose -w - 13 - 62 = 0. Let q = w + 113. What are the prime factors of q?
2, 19
Let g = 93 + -22. List the prime factors of g.
71
Suppose -3*m + 3*u = -2*u - 41, -3*m = 3*u - 9. Let o = 0 - m. Let r(p) = p**2 + 6*p + 5. What are the prime factors of r(o)?
2, 3
List the prime factors of 21 + 1 - 0/(-3).
2, 11
Let u = 8 + 63. What are the prime factors of u?
71
Suppose 0 = -o + 3*o - 36. List the prime factors of o.
2, 3
Suppose -5*r - 2 = -2*u + 6, 16 = -3*r + 4*u. What are the prime factors of (-23 + -6)/(r + -1)?
29
Suppose -2*p - 5*y + 37 = 0, 32 = -5*y + 7. What are the prime factors of p?
31
Let w = 7 + -6. Let t be (-3)/(-1) - 1 - w. Let x(m) = 3*m. List the prime factors of x(t).
3
Let t = -1 - -2. Suppose 1 = n - t. List the prime factors of n.
2
Suppose -2*l - 16 = 2*p, -4*l - 35 = -0*l + 3*p. What are the prime factors of 2*(-3)/6*l?
11
Let y be 14/91 - (-80)/(-13). Let u(t) = t**3 + 6*t**2 - 4*t - 4. List the prime factors of u(y).
2, 5
Suppose 2*b - 4*d - 52 = 0, -6*d = -5*b - d + 150. What are the prime factors of b?
2, 17
Let q = 4 - 7. What are the prime factors of q - 1*(-6)/1?
3
Suppose 4*y - 844 = -4*o, 2*y + 233 = -4*o + 659. List the prime factors of y.
11, 19
Suppose -338 + 50 = -8*m. What are the prime factors of m?
2, 3
Let b be (6/2)/3*2. Suppose 0 = b*w + 7 - 41. List the prime factors of w.
17
Let s(i) = -i**3 + 3*i**2 + 5*i. Let d be s(4). Let r(a) = a**2 + 8*a + 8. Let j be r(-6). List the prime factors of ((-11)/d)/(1/j).
11
Suppose -4*g + 3*d + 13 = 0, -25 = -4*d - d. What are the prime factors of (1 + g)*2/4?
2
Suppose 3*q - 12 = 9. List the prime factors of q.
7
Suppose 0 = -3*u - 52 + 136. List the prime factors of u.
2, 7
Let u(h) = -8*h**3 + h**2 + 2*h - 2. Let o be u(1). Let t = 32 + o. What are the prime factors of t?
5
Suppose -8*m + 10*m = 12. Suppose 60 = m*f - 2*f. What are the prime factors of f?
3, 5
Let r = -5 - -7. Suppose 2*t - s = 2, -14 = t - 5*s + 3. Suppose v + 42 = t*l, -r*l = -l - 5*v. List the prime factors of l.
3, 5
Let g(n) = -n**2 + 7*n + 4. Let f be g(7). Suppose -3*w - 5 = -f*w. Suppose 0 = 2*a - w*a + 12. What are the prime factors of a?
2
Suppose -13*c = -12*c + 2*s - 248, 5*s + 283 = c. What are the prime factors of c?
2, 3, 43
Let w = 65 + 22. What are the prime factors of w?
3, 29
Let b = -7 - -1. Let p = b - -9. Suppose 0 = -p*u - 0*x - 4*x + 29, -u - 4*x = -23. List the prime factors of u.
3
Let p be (-2)/(-1 - -3) - 2. What are the prime factors of 1/p - (-120)/9?
13
Suppose 2 = 3*m - 4*m, -5*m = -l + 16. Suppose n + o + 2*o + l = 0, 4*o = 3*n - 8. Suppose -5*i + i + 40 = n. List the prime factors of i.
2, 5
Suppose 0 = 5*r - 3*j - 719, 2*r - 6*r - 4*j + 588 = 0. What are the prime factors of r?
5, 29
Let x = 168 - 115. Suppose -5*z + 4*a + x = 0, z - 7 = 4*a - 2*a. List the prime factors of z.
13
Let f = -241 + 510. What are the prime factors of f?
269
Let n(u) = u**3 - 4*u**2 + 3*u + 4. Let x be n(3). Suppose -3*f = -x*f + 28. What are the prime factors of f?
2, 7
Let s = -1 - 1. List the prime factors of 123/9 - s/(-3).
13
Suppose -5*z - l + 365 = -2*z, -5*z + 5*l = -615. List the prime factors of z.
2, 61
Suppose 10 = 2*i - g, 4*g - 8*g - 1 = 5*i. Suppose -u = -7*x + i*x + 38, 36 = 3*x + 3*u. List the prime factors of x.
2, 5
Let q(x) = 12*x + 15. What are the prime factors of q(8)?
3, 37
Suppose 3*b = 4*l + 236, 2*b + 2*l - 5*l = 159. What are the prime factors of b?
2, 3
Let i be 2/(-4 - -2) + 3. Let t be (-5)/(-5) - -2*1. Suppose -t*w + 25 = i*w. What are the prime factors of w?
5
List the prime factors of (-22)/33 - (-64)/6.
2, 5
Let w(p) = -2*p**3 + 12*p**2 + 5*p + 4. Let g(h) = -h**2 - 2*h + 6. Let s be g(0). List the prime factors of w(s).
2, 17
Let x = -86 + 55. What are the prime factors of (x/(-4))/((-3)/(-12))?
31
Let q(g) = -1. Let m(v) = -v + 2. Let z(j) = m(j) + 5*q(j). Let x be z(-5). Suppose -4*h = 5*b - 12, h - x*b + 16 = 4*h. List the prime factors of h.
2
Let q(v) = -v - 1. Let t be q(-5). Suppose 19 - t = 3*z. Suppose -z*o + 8 = -17. What are the prime factors of o?
5
Suppose 0 = 2*p - 5*x - 579, -3*p + 549 = -p + 5*x. What are the prime factors of p?
2, 3, 47
Suppose 33 + 47 = 4*c. What are the prime factors of c?
2, 5
Let f = 15 + -11. Suppose 4*b - 3 = o, f*o - b + 3 = 3*o. What are the prime factors of (o - 0/1)*-3?
3
Let s = 125 + -34. What are the prime factors of s?
7, 13
Suppose h - 36 = 4*h. Let r = h - -22. List the prime factors of r.
2, 5
Let v = -10 + 12. Suppose -172 = v*y - 6*y. List the prime factors of y.
43
Suppose 0 = i + 1, -w - 14 = 2*w + 5*i. Suppose -5*g - 2*l - 44 = 0, -g - 5*l - 5 = g. Let r = w - g. List the prime factors of r.
7
Let x = 192 + -133. Suppose 5*v - x = -5*p + 3*v, p - v = 16. List the prime factors of p.
13
Let s(f) = -7*f + 1. Let v be s(-2). List the prime factors of ((-110)/v)/(1/(-3)).
2, 11
Suppose 4*h = -h + 25. Suppose 3*i = h*i - 10. Suppose -i*p = 2*l - 19, -4*p + 31 = 5*l - 8. What are the prime factors of l?
7
Suppose 4*c + 3*y - 316 = 0, 145 = 5*c + 2*y - 243. What are the prime factors of c?
2, 19
Let u be -1*((-2)/2 - 0). Suppose d + 10 = 3*d. Let k = d - u. What are the prime factors of k?